{"id":32,"date":"2020-04-13T11:18:50","date_gmt":"2020-04-13T11:18:50","guid":{"rendered":"http:\/\/www.tugrabicak.com\/index.php\/services\/"},"modified":"2023-11-15T13:28:17","modified_gmt":"2023-11-15T13:28:17","slug":"services","status":"publish","type":"page","link":"http:\/\/www.tugrabicak.com\/index.php\/services\/","title":{"rendered":"Services"},"content":{"rendered":"\t\t<div data-elementor-type=\"wp-page\" data-elementor-id=\"32\" class=\"elementor elementor-32\">\n\t\t\t\t<div class=\"elementor-element elementor-element-632a7fa e-flex e-con-boxed e-con e-parent\" data-id=\"632a7fa\" data-element_type=\"container\" data-e-type=\"container\" data-settings=\"{&quot;background_background&quot;:&quot;classic&quot;}\">\n\t\t\t\t\t<div class=\"e-con-inner\">\n\t\t<div class=\"elementor-element elementor-element-868c7c6 e-con-full e-flex e-con e-child\" data-id=\"868c7c6\" data-element_type=\"container\" data-e-type=\"container\">\n\t\t\t\t<div class=\"elementor-element elementor-element-735da12 elementor-widget elementor-widget-heading\" data-id=\"735da12\" data-element_type=\"widget\" data-e-type=\"widget\" data-widget_type=\"heading.default\">\n\t\t\t\t<div class=\"elementor-widget-container\">\n\t\t\t\t\t<h1 class=\"elementor-heading-title elementor-size-default\">Hizmetlerimiz<\/h1>\t\t\t\t<\/div>\n\t\t\t\t<\/div>\n\t\t\t\t<\/div>\n\t\t\t\t\t<\/div>\n\t\t\t\t<\/div>\n\t\t<div class=\"elementor-element elementor-element-27d9087 e-flex e-con-boxed e-con e-parent\" data-id=\"27d9087\" data-element_type=\"container\" data-e-type=\"container\">\n\t\t\t\t\t<div class=\"e-con-inner\">\n\t\t<div class=\"elementor-element elementor-element-1bb4ead e-con-full e-flex e-con e-child\" data-id=\"1bb4ead\" data-element_type=\"container\" data-e-type=\"container\">\n\t\t\t\t<div class=\"elementor-element elementor-element-9c40c94 elementor-widget elementor-widget-image-box\" data-id=\"9c40c94\" data-element_type=\"widget\" data-e-type=\"widget\" data-widget_type=\"image-box.default\">\n\t\t\t\t<div class=\"elementor-widget-container\">\n\t\t\t\t\t<div class=\"elementor-image-box-wrapper\"><div class=\"elementor-image-box-content\"><h2 class=\"elementor-image-box-title\">Press B\u0131\u00e7aklar\u0131<\/h2><\/div><\/div>\t\t\t\t<\/div>\n\t\t\t\t<\/div>\n\t\t\t\t<div class=\"elementor-element elementor-element-e3c42ac elementor-widget elementor-widget-button\" data-id=\"e3c42ac\" data-element_type=\"widget\" data-e-type=\"widget\" data-widget_type=\"button.default\">\n\t\t\t\t<div class=\"elementor-widget-container\">\n\t\t\t\t\t\t\t\t\t<div class=\"elementor-button-wrapper\">\n\t\t\t\t\t<a class=\"elementor-button elementor-button-link elementor-size-sm\" href=\"#\">\n\t\t\t\t\t\t<span class=\"elementor-button-content-wrapper\">\n\t\t\t\t\t\t\t\t\t<span class=\"elementor-button-text\">Contact<\/span>\n\t\t\t\t\t<\/span>\n\t\t\t\t\t<\/a>\n\t\t\t\t<\/div>\n\t\t\t\t\t\t\t\t<\/div>\n\t\t\t\t<\/div>\n\t\t\t\t<\/div>\n\t\t<div class=\"elementor-element elementor-element-11f63ad e-con-full e-flex e-con e-child\" data-id=\"11f63ad\" data-element_type=\"container\" data-e-type=\"container\">\n\t\t\t\t<div class=\"elementor-element elementor-element-f6ecc00 elementor-widget elementor-widget-image\" data-id=\"f6ecc00\" data-element_type=\"widget\" data-e-type=\"widget\" data-widget_type=\"image.default\">\n\t\t\t\t<div class=\"elementor-widget-container\">\n\t\t\t\t\t\t\t\t\t\t\t\t\t\t\t<img fetchpriority=\"high\" decoding=\"async\" width=\"720\" height=\"960\" src=\"http:\/\/www.tugrabicak.com\/wp-content\/uploads\/2023\/11\/107421364_125230485902714_5331966983599530160_n.jpg\" class=\"attachment-large size-large wp-image-997\" alt=\"\" srcset=\"http:\/\/www.tugrabicak.com\/wp-content\/uploads\/2023\/11\/107421364_125230485902714_5331966983599530160_n.jpg 720w, http:\/\/www.tugrabicak.com\/wp-content\/uploads\/2023\/11\/107421364_125230485902714_5331966983599530160_n-225x300.jpg 225w\" sizes=\"(max-width: 720px) 100vw, 720px\" \/>\t\t\t\t\t\t\t\t\t\t\t\t\t\t\t<\/div>\n\t\t\t\t<\/div>\n\t\t\t\t<\/div>\n\t\t\t\t\t<\/div>\n\t\t\t\t<\/div>\n\t\t<div class=\"elementor-element elementor-element-7e9b5b2 e-flex e-con-boxed e-con e-parent\" data-id=\"7e9b5b2\" data-element_type=\"container\" data-e-type=\"container\">\n\t\t\t\t\t<div class=\"e-con-inner\">\n\t\t<div class=\"elementor-element elementor-element-c6a54c4 e-con-full e-flex e-con e-child\" data-id=\"c6a54c4\" data-element_type=\"container\" data-e-type=\"container\">\n\t\t\t\t<div class=\"elementor-element elementor-element-c880b4e elementor-widget elementor-widget-image\" data-id=\"c880b4e\" data-element_type=\"widget\" data-e-type=\"widget\" data-widget_type=\"image.default\">\n\t\t\t\t<div class=\"elementor-widget-container\">\n\t\t\t\t\t\t\t\t\t\t\t\t\t\t\t<img decoding=\"async\" width=\"1024\" height=\"658\" src=\"http:\/\/www.tugrabicak.com\/wp-content\/uploads\/2023\/11\/YUZ-1024x658.png\" class=\"attachment-large size-large wp-image-1003\" alt=\"\" srcset=\"http:\/\/www.tugrabicak.com\/wp-content\/uploads\/2023\/11\/YUZ-1024x658.png 1024w, http:\/\/www.tugrabicak.com\/wp-content\/uploads\/2023\/11\/YUZ-300x193.png 300w, http:\/\/www.tugrabicak.com\/wp-content\/uploads\/2023\/11\/YUZ-768x493.png 768w, http:\/\/www.tugrabicak.com\/wp-content\/uploads\/2023\/11\/YUZ.png 1129w\" sizes=\"(max-width: 1024px) 100vw, 1024px\" \/>\t\t\t\t\t\t\t\t\t\t\t\t\t\t\t<\/div>\n\t\t\t\t<\/div>\n\t\t\t\t<\/div>\n\t\t<div class=\"elementor-element elementor-element-0a70900 e-con-full e-flex e-con e-child\" data-id=\"0a70900\" data-element_type=\"container\" data-e-type=\"container\">\n\t\t\t\t<div class=\"elementor-element elementor-element-7370a36 elementor-widget elementor-widget-image-box\" data-id=\"7370a36\" data-element_type=\"widget\" data-e-type=\"widget\" data-widget_type=\"image-box.default\">\n\t\t\t\t<div class=\"elementor-widget-container\">\n\t\t\t\t\t<div class=\"elementor-image-box-wrapper\"><div class=\"elementor-image-box-content\"><h2 class=\"elementor-image-box-title\">Bask\u0131<\/h2><\/div><\/div>\t\t\t\t<\/div>\n\t\t\t\t<\/div>\n\t\t\t\t<div class=\"elementor-element elementor-element-e4306f3 elementor-widget elementor-widget-button\" data-id=\"e4306f3\" data-element_type=\"widget\" data-e-type=\"widget\" data-widget_type=\"button.default\">\n\t\t\t\t<div class=\"elementor-widget-container\">\n\t\t\t\t\t\t\t\t\t<div class=\"elementor-button-wrapper\">\n\t\t\t\t\t<a class=\"elementor-button elementor-button-link elementor-size-sm\" href=\"#\">\n\t\t\t\t\t\t<span class=\"elementor-button-content-wrapper\">\n\t\t\t\t\t\t\t\t\t<span class=\"elementor-button-text\">Contact<\/span>\n\t\t\t\t\t<\/span>\n\t\t\t\t\t<\/a>\n\t\t\t\t<\/div>\n\t\t\t\t\t\t\t\t<\/div>\n\t\t\t\t<\/div>\n\t\t\t\t<\/div>\n\t\t\t\t\t<\/div>\n\t\t\t\t<\/div>\n\t\t<div class=\"elementor-element elementor-element-c533376 e-flex e-con-boxed e-con e-parent\" data-id=\"c533376\" data-element_type=\"container\" data-e-type=\"container\">\n\t\t\t\t\t<div class=\"e-con-inner\">\n\t\t<div class=\"elementor-element elementor-element-ab5915c e-con-full e-flex e-con e-child\" data-id=\"ab5915c\" data-element_type=\"container\" data-e-type=\"container\">\n\t\t\t\t<div class=\"elementor-element elementor-element-62f4781 elementor-widget elementor-widget-image-box\" data-id=\"62f4781\" data-element_type=\"widget\" data-e-type=\"widget\" data-widget_type=\"image-box.default\">\n\t\t\t\t<div class=\"elementor-widget-container\">\n\t\t\t\t\t<div class=\"elementor-image-box-wrapper\"><div class=\"elementor-image-box-content\"><h2 class=\"elementor-image-box-title\">Cnc Kli\u015fe ve Bask\u0131 Kal\u0131b\u0131<\/h2><\/div><\/div>\t\t\t\t<\/div>\n\t\t\t\t<\/div>\n\t\t\t\t<div class=\"elementor-element elementor-element-2fa0d1c elementor-widget elementor-widget-button\" data-id=\"2fa0d1c\" data-element_type=\"widget\" data-e-type=\"widget\" data-widget_type=\"button.default\">\n\t\t\t\t<div class=\"elementor-widget-container\">\n\t\t\t\t\t\t\t\t\t<div class=\"elementor-button-wrapper\">\n\t\t\t\t\t<a class=\"elementor-button elementor-button-link elementor-size-sm\" href=\"#\">\n\t\t\t\t\t\t<span class=\"elementor-button-content-wrapper\">\n\t\t\t\t\t\t\t\t\t<span class=\"elementor-button-text\">Contact<\/span>\n\t\t\t\t\t<\/span>\n\t\t\t\t\t<\/a>\n\t\t\t\t<\/div>\n\t\t\t\t\t\t\t\t<\/div>\n\t\t\t\t<\/div>\n\t\t\t\t<\/div>\n\t\t<div class=\"elementor-element elementor-element-c6b13d1 e-con-full e-flex e-con e-child\" data-id=\"c6b13d1\" data-element_type=\"container\" data-e-type=\"container\">\n\t\t\t\t<div class=\"elementor-element elementor-element-03148dd elementor-widget elementor-widget-image\" data-id=\"03148dd\" data-element_type=\"widget\" data-e-type=\"widget\" data-widget_type=\"image.default\">\n\t\t\t\t<div class=\"elementor-widget-container\">\n\t\t\t\t\t\t\t\t\t\t\t\t\t\t\t<img decoding=\"async\" width=\"1024\" height=\"576\" src=\"http:\/\/www.tugrabicak.com\/wp-content\/uploads\/2023\/11\/WhatsApp-Image-2023-11-15-at-16.25.13-1024x576.jpeg\" class=\"attachment-large size-large wp-image-1004\" alt=\"\" srcset=\"http:\/\/www.tugrabicak.com\/wp-content\/uploads\/2023\/11\/WhatsApp-Image-2023-11-15-at-16.25.13-1024x576.jpeg 1024w, http:\/\/www.tugrabicak.com\/wp-content\/uploads\/2023\/11\/WhatsApp-Image-2023-11-15-at-16.25.13-300x169.jpeg 300w, http:\/\/www.tugrabicak.com\/wp-content\/uploads\/2023\/11\/WhatsApp-Image-2023-11-15-at-16.25.13-768x432.jpeg 768w, http:\/\/www.tugrabicak.com\/wp-content\/uploads\/2023\/11\/WhatsApp-Image-2023-11-15-at-16.25.13-1536x864.jpeg 1536w, http:\/\/www.tugrabicak.com\/wp-content\/uploads\/2023\/11\/WhatsApp-Image-2023-11-15-at-16.25.13.jpeg 1920w\" sizes=\"(max-width: 1024px) 100vw, 1024px\" \/>\t\t\t\t\t\t\t\t\t\t\t\t\t\t\t<\/div>\n\t\t\t\t<\/div>\n\t\t\t\t<\/div>\n\t\t\t\t\t<\/div>\n\t\t\t\t<\/div>\n\t\t<div class=\"elementor-element elementor-element-f861638 e-flex e-con-boxed e-con e-parent\" data-id=\"f861638\" data-element_type=\"container\" data-e-type=\"container\">\n\t\t\t\t\t<div class=\"e-con-inner\">\n\t\t<div class=\"elementor-element elementor-element-398b470 e-con-full e-flex e-con e-child\" data-id=\"398b470\" data-element_type=\"container\" data-e-type=\"container\">\n\t\t\t\t<div class=\"elementor-element elementor-element-d376be2 elementor-widget elementor-widget-image\" data-id=\"d376be2\" data-element_type=\"widget\" data-e-type=\"widget\" data-widget_type=\"image.default\">\n\t\t\t\t<div class=\"elementor-widget-container\">\n\t\t\t\t\t\t\t\t\t\t\t\t\t\t\t<img loading=\"lazy\" decoding=\"async\" width=\"776\" height=\"1024\" src=\"http:\/\/www.tugrabicak.com\/wp-content\/uploads\/2023\/11\/WhatsApp-Image-2023-11-15-at-16.27.19.jpeg\" class=\"attachment-large size-large wp-image-1005\" alt=\"\" srcset=\"http:\/\/www.tugrabicak.com\/wp-content\/uploads\/2023\/11\/WhatsApp-Image-2023-11-15-at-16.27.19.jpeg 776w, http:\/\/www.tugrabicak.com\/wp-content\/uploads\/2023\/11\/WhatsApp-Image-2023-11-15-at-16.27.19-227x300.jpeg 227w, http:\/\/www.tugrabicak.com\/wp-content\/uploads\/2023\/11\/WhatsApp-Image-2023-11-15-at-16.27.19-768x1013.jpeg 768w\" sizes=\"(max-width: 776px) 100vw, 776px\" \/>\t\t\t\t\t\t\t\t\t\t\t\t\t\t\t<\/div>\n\t\t\t\t<\/div>\n\t\t\t\t<\/div>\n\t\t<div class=\"elementor-element elementor-element-69d7e90 e-con-full e-flex e-con e-child\" data-id=\"69d7e90\" data-element_type=\"container\" data-e-type=\"container\">\n\t\t\t\t<div class=\"elementor-element elementor-element-b298721 elementor-widget elementor-widget-image-box\" data-id=\"b298721\" data-element_type=\"widget\" data-e-type=\"widget\" data-widget_type=\"image-box.default\">\n\t\t\t\t<div class=\"elementor-widget-container\">\n\t\t\t\t\t<div class=\"elementor-image-box-wrapper\"><div class=\"elementor-image-box-content\"><h2 class=\"elementor-image-box-title\">Fiber, Jurdan Plastik Tak\u0131mlama<\/h2><\/div><\/div>\t\t\t\t<\/div>\n\t\t\t\t<\/div>\n\t\t\t\t<div class=\"elementor-element elementor-element-908dc29 elementor-widget elementor-widget-button\" data-id=\"908dc29\" data-element_type=\"widget\" data-e-type=\"widget\" data-widget_type=\"button.default\">\n\t\t\t\t<div class=\"elementor-widget-container\">\n\t\t\t\t\t\t\t\t\t<div class=\"elementor-button-wrapper\">\n\t\t\t\t\t<a class=\"elementor-button elementor-button-link elementor-size-sm\" href=\"#\">\n\t\t\t\t\t\t<span class=\"elementor-button-content-wrapper\">\n\t\t\t\t\t\t\t\t\t<span class=\"elementor-button-text\">Contact<\/span>\n\t\t\t\t\t<\/span>\n\t\t\t\t\t<\/a>\n\t\t\t\t<\/div>\n\t\t\t\t\t\t\t\t<\/div>\n\t\t\t\t<\/div>\n\t\t\t\t<\/div>\n\t\t\t\t\t<\/div>\n\t\t\t\t<\/div>\n\t\t<div class=\"elementor-element elementor-element-c051711 e-flex e-con-boxed e-con e-parent\" data-id=\"c051711\" data-element_type=\"container\" data-e-type=\"container\" data-settings=\"{&quot;background_background&quot;:&quot;classic&quot;}\">\n\t\t\t\t\t<div class=\"e-con-inner\">\n\t\t<div class=\"elementor-element elementor-element-e6f02a7 e-con-full e-flex e-con e-child\" data-id=\"e6f02a7\" data-element_type=\"container\" data-e-type=\"container\">\n\t\t\t\t<\/div>\n\t\t\t\t\t<\/div>\n\t\t\t\t<\/div>\n\t\t<div class=\"elementor-element elementor-element-266f93c e-flex e-con-boxed e-con e-parent\" data-id=\"266f93c\" data-element_type=\"container\" data-e-type=\"container\">\n\t\t\t\t\t<div class=\"e-con-inner\">\n\t\t\t\t\t<\/div>\n\t\t\t\t<\/div>\n\t\t\t\t<\/div>\n\t\t","protected":false},"excerpt":{"rendered":"<p>Hizmetlerimiz Press B\u0131\u00e7aklar\u0131 Contact Bask\u0131 Contact Cnc Kli\u015fe ve Bask\u0131 Kal\u0131b\u0131 Contact Fiber, Jurdan Plastik Tak\u0131mlama Contact<\/p>\n","protected":false},"author":1,"featured_media":0,"parent":0,"menu_order":0,"comment_status":"closed","ping_status":"closed","template":"","meta":{"site-sidebar-layout":"no-sidebar","site-content-layout":"page-builder","ast-site-content-layout":"default","site-content-style":"default","site-sidebar-style":"default","ast-global-header-display":"","ast-banner-title-visibility":"","ast-main-header-display":"","ast-hfb-above-header-display":"","ast-hfb-below-header-display":"","ast-hfb-mobile-header-display":"","site-post-title":"disabled","ast-breadcrumbs-content":"","ast-featured-img":"","footer-sml-layout":"","ast-disable-related-posts":"","theme-transparent-header-meta":"enabled","adv-header-id-meta":"","stick-header-meta":"","header-above-stick-meta":"","header-main-stick-meta":"","header-below-stick-meta":"","astra-migrate-meta-layouts":"default","ast-page-background-enabled":"default","ast-page-background-meta":{"desktop":{"background-color":"","background-image":"","background-repeat":"repeat","background-position":"center center","background-size":"auto","background-attachment":"scroll","background-type":"","background-media":"","overlay-type":"","overlay-color":"","overlay-opacity":"","overlay-gradient":""},"tablet":{"background-color":"","background-image":"","background-repeat":"repeat","background-position":"center center","background-size":"auto","background-attachment":"scroll","background-type":"","background-media":"","overlay-type":"","overlay-color":"","overlay-opacity":"","overlay-gradient":""},"mobile":{"background-color":"","background-image":"","background-repeat":"repeat","background-position":"center center","background-size":"auto","background-attachment":"scroll","background-type":"","background-media":"","overlay-type":"","overlay-color":"","overlay-opacity":"","overlay-gradient":""}},"ast-content-background-meta":{"desktop":{"background-color":"var(--ast-global-color-5)","background-image":"","background-repeat":"repeat","background-position":"center center","background-size":"auto","background-attachment":"scroll","background-type":"","background-media":"","overlay-type":"","overlay-color":"","overlay-opacity":"","overlay-gradient":""},"tablet":{"background-color":"var(--ast-global-color-5)","background-image":"","background-repeat":"repeat","background-position":"center center","background-size":"auto","background-attachment":"scroll","background-type":"","background-media":"","overlay-type":"","overlay-color":"","overlay-opacity":"","overlay-gradient":""},"mobile":{"background-color":"var(--ast-global-color-5)","background-image":"","background-repeat":"repeat","background-position":"center center","background-size":"auto","background-attachment":"scroll","background-type":"","background-media":"","overlay-type":"","overlay-color":"","overlay-opacity":"","overlay-gradient":""}},"footnotes":""},"class_list":["post-32","page","type-page","status-publish","hentry"],"yoast_head":"<!-- This site is optimized with the Yoast SEO plugin v25.6 - https:\/\/yoast.com\/wordpress\/plugins\/seo\/ -->\n<title>Services - Tu\u011fra Pres B\u0131&ccedil;aklar\u0131<\/title>\n<meta name=\"robots\" content=\"index, follow, max-snippet:-1, max-image-preview:large, max-video-preview:-1\" \/>\n<link rel=\"canonical\" href=\"http:\/\/www.tugrabicak.com\/index.php\/services\/\" \/>\n<meta property=\"og:locale\" content=\"tr_TR\" \/>\n<meta property=\"og:type\" content=\"article\" \/>\n<meta property=\"og:title\" content=\"Services - Tu\u011fra Pres B\u0131&ccedil;aklar\u0131\" \/>\n<meta property=\"og:description\" content=\"Hizmetlerimiz Press B\u0131\u00e7aklar\u0131 Contact Bask\u0131 Contact Cnc Kli\u015fe ve Bask\u0131 Kal\u0131b\u0131 Contact Fiber, Jurdan Plastik Tak\u0131mlama Contact\" \/>\n<meta property=\"og:url\" content=\"http:\/\/www.tugrabicak.com\/index.php\/services\/\" \/>\n<meta property=\"og:site_name\" content=\"Tu\u011fra Pres B\u0131&ccedil;aklar\u0131\" \/>\n<meta property=\"article:publisher\" content=\"https:\/\/www.facebook.com\/tugrapresbicaklari\/\" \/>\n<meta property=\"article:modified_time\" content=\"2023-11-15T13:28:17+00:00\" \/>\n<meta property=\"og:image\" content=\"http:\/\/www.tugrabicak.com\/wp-content\/uploads\/2023\/11\/107421364_125230485902714_5331966983599530160_n.jpg\" \/>\n<meta name=\"twitter:card\" content=\"summary_large_image\" \/>\n<meta name=\"twitter:site\" content=\"@tugrabicak\" \/>\n<meta name=\"twitter:label1\" content=\"Tahmini okuma s\u00fcresi\" \/>\n\t<meta name=\"twitter:data1\" content=\"2 dakika\" \/>\n<script type=\"application\/ld+json\" class=\"yoast-schema-graph\">{\"@context\":\"https:\/\/schema.org\",\"@graph\":[{\"@type\":\"WebPage\",\"@id\":\"http:\/\/www.tugrabicak.com\/index.php\/services\/\",\"url\":\"http:\/\/www.tugrabicak.com\/index.php\/services\/\",\"name\":\"Services - Tu\u011fra Pres B\u0131&ccedil;aklar\u0131\",\"isPartOf\":{\"@id\":\"http:\/\/www.tugrabicak.com\/#website\"},\"primaryImageOfPage\":{\"@id\":\"http:\/\/www.tugrabicak.com\/index.php\/services\/#primaryimage\"},\"image\":{\"@id\":\"http:\/\/www.tugrabicak.com\/index.php\/services\/#primaryimage\"},\"thumbnailUrl\":\"http:\/\/www.tugrabicak.com\/wp-content\/uploads\/2023\/11\/107421364_125230485902714_5331966983599530160_n.jpg\",\"datePublished\":\"2020-04-13T11:18:50+00:00\",\"dateModified\":\"2023-11-15T13:28:17+00:00\",\"breadcrumb\":{\"@id\":\"http:\/\/www.tugrabicak.com\/index.php\/services\/#breadcrumb\"},\"inLanguage\":\"tr\",\"potentialAction\":[{\"@type\":\"ReadAction\",\"target\":[\"http:\/\/www.tugrabicak.com\/index.php\/services\/\"]}]},{\"@type\":\"ImageObject\",\"inLanguage\":\"tr\",\"@id\":\"http:\/\/www.tugrabicak.com\/index.php\/services\/#primaryimage\",\"url\":\"http:\/\/www.tugrabicak.com\/wp-content\/uploads\/2023\/11\/107421364_125230485902714_5331966983599530160_n.jpg\",\"contentUrl\":\"http:\/\/www.tugrabicak.com\/wp-content\/uploads\/2023\/11\/107421364_125230485902714_5331966983599530160_n.jpg\",\"width\":720,\"height\":960},{\"@type\":\"BreadcrumbList\",\"@id\":\"http:\/\/www.tugrabicak.com\/index.php\/services\/#breadcrumb\",\"itemListElement\":[{\"@type\":\"ListItem\",\"position\":1,\"name\":\"Anasayfa\",\"item\":\"http:\/\/www.tugrabicak.com\/\"},{\"@type\":\"ListItem\",\"position\":2,\"name\":\"Services\"}]},{\"@type\":\"WebSite\",\"@id\":\"http:\/\/www.tugrabicak.com\/#website\",\"url\":\"http:\/\/www.tugrabicak.com\/\",\"name\":\"Tu\u011fra Pres B\u0131\u00e7aklar\u0131\",\"description\":\"Tu\u011fra Pres B\u0131&ccedil;aklar\u0131\",\"publisher\":{\"@id\":\"http:\/\/www.tugrabicak.com\/#organization\"},\"potentialAction\":[{\"@type\":\"SearchAction\",\"target\":{\"@type\":\"EntryPoint\",\"urlTemplate\":\"http:\/\/www.tugrabicak.com\/?s={search_term_string}\"},\"query-input\":{\"@type\":\"PropertyValueSpecification\",\"valueRequired\":true,\"valueName\":\"search_term_string\"}}],\"inLanguage\":\"tr\"},{\"@type\":\"Organization\",\"@id\":\"http:\/\/www.tugrabicak.com\/#organization\",\"name\":\"Tu\u011fra Pres B\u0131\u00e7aklar\u0131\",\"url\":\"http:\/\/www.tugrabicak.com\/\",\"logo\":{\"@type\":\"ImageObject\",\"inLanguage\":\"tr\",\"@id\":\"http:\/\/www.tugrabicak.com\/#\/schema\/logo\/image\/\",\"url\":\"http:\/\/www.tugrabicak.com\/wp-content\/uploads\/2023\/11\/cropped-tugra-logo_transparent-1.png\",\"contentUrl\":\"http:\/\/www.tugrabicak.com\/wp-content\/uploads\/2023\/11\/cropped-tugra-logo_transparent-1.png\",\"width\":1179,\"height\":828,\"caption\":\"Tu\u011fra Pres B\u0131\u00e7aklar\u0131\"},\"image\":{\"@id\":\"http:\/\/www.tugrabicak.com\/#\/schema\/logo\/image\/\"},\"sameAs\":[\"https:\/\/www.facebook.com\/tugrapresbicaklari\/\",\"https:\/\/x.com\/tugrabicak\",\"https:\/\/www.instagram.com\/tugrapresbicaklari\/\"]}]}<\/script>\n<!-- \/ Yoast SEO plugin. -->","yoast_head_json":{"title":"Services - Tu\u011fra Pres B\u0131&ccedil;aklar\u0131","robots":{"index":"index","follow":"follow","max-snippet":"max-snippet:-1","max-image-preview":"max-image-preview:large","max-video-preview":"max-video-preview:-1"},"canonical":"http:\/\/www.tugrabicak.com\/index.php\/services\/","og_locale":"tr_TR","og_type":"article","og_title":"Services - Tu\u011fra Pres B\u0131&ccedil;aklar\u0131","og_description":"Hizmetlerimiz Press B\u0131\u00e7aklar\u0131 Contact Bask\u0131 Contact Cnc Kli\u015fe ve Bask\u0131 Kal\u0131b\u0131 Contact Fiber, Jurdan Plastik Tak\u0131mlama Contact","og_url":"http:\/\/www.tugrabicak.com\/index.php\/services\/","og_site_name":"Tu\u011fra Pres B\u0131&ccedil;aklar\u0131","article_publisher":"https:\/\/www.facebook.com\/tugrapresbicaklari\/","article_modified_time":"2023-11-15T13:28:17+00:00","og_image":[{"url":"http:\/\/www.tugrabicak.com\/wp-content\/uploads\/2023\/11\/107421364_125230485902714_5331966983599530160_n.jpg","type":"","width":"","height":""}],"twitter_card":"summary_large_image","twitter_site":"@tugrabicak","twitter_misc":{"Tahmini okuma s\u00fcresi":"2 dakika"},"schema":{"@context":"https:\/\/schema.org","@graph":[{"@type":"WebPage","@id":"http:\/\/www.tugrabicak.com\/index.php\/services\/","url":"http:\/\/www.tugrabicak.com\/index.php\/services\/","name":"Services - Tu\u011fra Pres B\u0131&ccedil;aklar\u0131","isPartOf":{"@id":"http:\/\/www.tugrabicak.com\/#website"},"primaryImageOfPage":{"@id":"http:\/\/www.tugrabicak.com\/index.php\/services\/#primaryimage"},"image":{"@id":"http:\/\/www.tugrabicak.com\/index.php\/services\/#primaryimage"},"thumbnailUrl":"http:\/\/www.tugrabicak.com\/wp-content\/uploads\/2023\/11\/107421364_125230485902714_5331966983599530160_n.jpg","datePublished":"2020-04-13T11:18:50+00:00","dateModified":"2023-11-15T13:28:17+00:00","breadcrumb":{"@id":"http:\/\/www.tugrabicak.com\/index.php\/services\/#breadcrumb"},"inLanguage":"tr","potentialAction":[{"@type":"ReadAction","target":["http:\/\/www.tugrabicak.com\/index.php\/services\/"]}]},{"@type":"ImageObject","inLanguage":"tr","@id":"http:\/\/www.tugrabicak.com\/index.php\/services\/#primaryimage","url":"http:\/\/www.tugrabicak.com\/wp-content\/uploads\/2023\/11\/107421364_125230485902714_5331966983599530160_n.jpg","contentUrl":"http:\/\/www.tugrabicak.com\/wp-content\/uploads\/2023\/11\/107421364_125230485902714_5331966983599530160_n.jpg","width":720,"height":960},{"@type":"BreadcrumbList","@id":"http:\/\/www.tugrabicak.com\/index.php\/services\/#breadcrumb","itemListElement":[{"@type":"ListItem","position":1,"name":"Anasayfa","item":"http:\/\/www.tugrabicak.com\/"},{"@type":"ListItem","position":2,"name":"Services"}]},{"@type":"WebSite","@id":"http:\/\/www.tugrabicak.com\/#website","url":"http:\/\/www.tugrabicak.com\/","name":"Tu\u011fra Pres B\u0131\u00e7aklar\u0131","description":"Tu\u011fra Pres B\u0131&ccedil;aklar\u0131","publisher":{"@id":"http:\/\/www.tugrabicak.com\/#organization"},"potentialAction":[{"@type":"SearchAction","target":{"@type":"EntryPoint","urlTemplate":"http:\/\/www.tugrabicak.com\/?s={search_term_string}"},"query-input":{"@type":"PropertyValueSpecification","valueRequired":true,"valueName":"search_term_string"}}],"inLanguage":"tr"},{"@type":"Organization","@id":"http:\/\/www.tugrabicak.com\/#organization","name":"Tu\u011fra Pres B\u0131\u00e7aklar\u0131","url":"http:\/\/www.tugrabicak.com\/","logo":{"@type":"ImageObject","inLanguage":"tr","@id":"http:\/\/www.tugrabicak.com\/#\/schema\/logo\/image\/","url":"http:\/\/www.tugrabicak.com\/wp-content\/uploads\/2023\/11\/cropped-tugra-logo_transparent-1.png","contentUrl":"http:\/\/www.tugrabicak.com\/wp-content\/uploads\/2023\/11\/cropped-tugra-logo_transparent-1.png","width":1179,"height":828,"caption":"Tu\u011fra Pres B\u0131\u00e7aklar\u0131"},"image":{"@id":"http:\/\/www.tugrabicak.com\/#\/schema\/logo\/image\/"},"sameAs":["https:\/\/www.facebook.com\/tugrapresbicaklari\/","https:\/\/x.com\/tugrabicak","https:\/\/www.instagram.com\/tugrapresbicaklari\/"]}]}},"_links":{"self":[{"href":"http:\/\/www.tugrabicak.com\/index.php\/wp-json\/wp\/v2\/pages\/32"}],"collection":[{"href":"http:\/\/www.tugrabicak.com\/index.php\/wp-json\/wp\/v2\/pages"}],"about":[{"href":"http:\/\/www.tugrabicak.com\/index.php\/wp-json\/wp\/v2\/types\/page"}],"author":[{"embeddable":true,"href":"http:\/\/www.tugrabicak.com\/index.php\/wp-json\/wp\/v2\/users\/1"}],"replies":[{"embeddable":true,"href":"http:\/\/www.tugrabicak.com\/index.php\/wp-json\/wp\/v2\/comments?post=32"}],"version-history":[{"count":4,"href":"http:\/\/www.tugrabicak.com\/index.php\/wp-json\/wp\/v2\/pages\/32\/revisions"}],"predecessor-version":[{"id":1008,"href":"http:\/\/www.tugrabicak.com\/index.php\/wp-json\/wp\/v2\/pages\/32\/revisions\/1008"}],"wp:attachment":[{"href":"http:\/\/www.tugrabicak.com\/index.php\/wp-json\/wp\/v2\/media?parent=32"}],"curies":[{"name":"wp","href":"https:\/\/api.w.org\/{rel}","templated":true}]}}