{"id":31,"date":"2020-04-13T11:18:52","date_gmt":"2020-04-13T11:18:52","guid":{"rendered":"http:\/\/www.tugrabicak.com\/index.php\/about\/"},"modified":"2023-11-15T15:38:17","modified_gmt":"2023-11-15T15:38:17","slug":"about","status":"publish","type":"page","link":"http:\/\/www.tugrabicak.com\/index.php\/about\/","title":{"rendered":"About"},"content":{"rendered":"\t\t<div data-elementor-type=\"wp-page\" data-elementor-id=\"31\" class=\"elementor elementor-31\">\n\t\t\t\t<div class=\"elementor-element elementor-element-9010cd0 e-flex e-con-boxed e-con e-parent\" data-id=\"9010cd0\" data-element_type=\"container\" data-e-type=\"container\" data-settings=\"{&quot;background_background&quot;:&quot;classic&quot;}\">\n\t\t\t\t\t<div class=\"e-con-inner\">\n\t\t<div class=\"elementor-element elementor-element-5a69cc7 e-con-full e-flex e-con e-child\" data-id=\"5a69cc7\" data-element_type=\"container\" data-e-type=\"container\">\n\t\t\t\t<div class=\"elementor-element elementor-element-f184ec7 elementor-widget elementor-widget-heading\" data-id=\"f184ec7\" data-element_type=\"widget\" data-e-type=\"widget\" data-widget_type=\"heading.default\">\n\t\t\t\t<div class=\"elementor-widget-container\">\n\t\t\t\t\t<h1 class=\"elementor-heading-title elementor-size-default\">Hakk\u0131m\u0131zda<\/h1>\t\t\t\t<\/div>\n\t\t\t\t<\/div>\n\t\t\t\t<\/div>\n\t\t\t\t\t<\/div>\n\t\t\t\t<\/div>\n\t\t<div class=\"elementor-element elementor-element-a529ccb e-flex e-con-boxed e-con e-parent\" data-id=\"a529ccb\" data-element_type=\"container\" data-e-type=\"container\">\n\t\t\t\t\t<div class=\"e-con-inner\">\n\t\t<div class=\"elementor-element elementor-element-83324c1 e-con-full e-flex e-con e-child\" data-id=\"83324c1\" data-element_type=\"container\" data-e-type=\"container\">\n\t\t\t\t<div class=\"elementor-element elementor-element-45f990c elementor-widget elementor-widget-heading\" data-id=\"45f990c\" data-element_type=\"widget\" data-e-type=\"widget\" data-widget_type=\"heading.default\">\n\t\t\t\t<div class=\"elementor-widget-container\">\n\t\t\t\t\t<h2 class=\"elementor-heading-title elementor-size-default\">Kurulu\u015f 2019<\/h2>\t\t\t\t<\/div>\n\t\t\t\t<\/div>\n\t\t\t\t<\/div>\n\t\t<div class=\"elementor-element elementor-element-c4f6020 e-con-full e-flex e-con e-child\" data-id=\"c4f6020\" data-element_type=\"container\" data-e-type=\"container\">\n\t\t\t\t<div class=\"elementor-element elementor-element-40a9718 elementor-widget elementor-widget-text-editor\" data-id=\"40a9718\" data-element_type=\"widget\" data-e-type=\"widget\" data-widget_type=\"text-editor.default\">\n\t\t\t\t<div class=\"elementor-widget-container\">\n\t\t\t\t\t\t\t\t\t<p>Tu\u011fra Pres B\u0131\u00e7aklar\u0131 ve Bask\u0131 olarak hizmetimize 2019 y\u0131l\u0131nda ba\u015flam\u0131\u015f olsakta 20 y\u0131ll\u0131k tecr\u00fcbe ile m\u00fc\u015fterilerimize hizmet vermekteyiz.<\/p>\t\t\t\t\t\t\t\t<\/div>\n\t\t\t\t<\/div>\n\t\t\t\t<div class=\"elementor-element elementor-element-7f646ff elementor-widget elementor-widget-text-editor\" data-id=\"7f646ff\" data-element_type=\"widget\" data-e-type=\"widget\" data-widget_type=\"text-editor.default\">\n\t\t\t\t<div class=\"elementor-widget-container\">\n\t\t\t\t\t\t\t\t\t<p><span style=\"font-style: inherit; font-weight: inherit; text-align: var(--text-align); color: var(--ast-global-color-3);\">Pres B\u0131\u00e7ak imalat\u0131 ile ba\u015flayan faaliyetimize; S\u0131cak Bask\u0131, Cnc kli\u015fe ve Bask\u0131 Kal\u0131b\u0131 imalat\u0131, Fiber ve Bilgisayarl\u0131 Tak\u0131mlama, Jurdan Fiber Tak\u0131mlama ve Lazer kesim hizmetlerimizle devam etmekteyiz.<\/span><br><\/p>\t\t\t\t\t\t\t\t<\/div>\n\t\t\t\t<\/div>\n\t\t\t\t<div class=\"elementor-element elementor-element-56b5d2d elementor-widget elementor-widget-text-editor\" data-id=\"56b5d2d\" data-element_type=\"widget\" data-e-type=\"widget\" data-widget_type=\"text-editor.default\">\n\t\t\t\t<div class=\"elementor-widget-container\">\n\t\t\t\t\t\t\t\t\t<p>Yeni faaliyetler ekleyerek m\u00fc\u015fterilerimizin t\u00fcm ihtiya\u00e7lar\u0131n\u0131 tek noktada kar\u015f\u0131lamalar\u0131na olanak sa\u011flamak i\u00e7in \u00e7al\u0131\u015fmalar\u0131m\u0131z\u0131 s\u00fcrd\u00fcr\u00fcyoruz.<\/p>\t\t\t\t\t\t\t\t<\/div>\n\t\t\t\t<\/div>\n\t\t\t\t<div class=\"elementor-element elementor-element-5fe168e elementor-widget elementor-widget-heading\" data-id=\"5fe168e\" data-element_type=\"widget\" data-e-type=\"widget\" data-widget_type=\"heading.default\">\n\t\t\t\t<div class=\"elementor-widget-container\">\n\t\t\t\t\t<h3 class=\"elementor-heading-title elementor-size-medium\">Tu\u011fra Pres B\u0131\u00e7aklar\u0131<\/h3>\t\t\t\t<\/div>\n\t\t\t\t<\/div>\n\t\t\t\t<\/div>\n\t\t\t\t\t<\/div>\n\t\t\t\t<\/div>\n\t\t<div class=\"elementor-element elementor-element-b8ecf27 e-flex e-con-boxed e-con e-parent\" data-id=\"b8ecf27\" data-element_type=\"container\" data-e-type=\"container\" data-settings=\"{&quot;background_background&quot;:&quot;classic&quot;}\">\n\t\t\t\t\t<div class=\"e-con-inner\">\n\t\t<div class=\"elementor-element elementor-element-a77a16d e-con-full e-flex e-con e-child\" data-id=\"a77a16d\" data-element_type=\"container\" data-e-type=\"container\">\n\t\t\t\t<div class=\"elementor-element elementor-element-a068337 elementor-widget elementor-widget-image-box\" data-id=\"a068337\" data-element_type=\"widget\" data-e-type=\"widget\" data-widget_type=\"image-box.default\">\n\t\t\t\t<div class=\"elementor-widget-container\">\n\t\t\t\t\t<div class=\"elementor-image-box-wrapper\"><div class=\"elementor-image-box-content\"><h2 class=\"elementor-image-box-title\">Misyonumuz<\/h2><p class=\"elementor-image-box-description\">M\u00fc\u015fterilerimizin ihtiya\u00e7lar\u0131 do\u011frultusunda yenilikleri takip edip, geli\u015fen teknolojiyi yakalayarak daha h\u0131zl\u0131 ve iyi hizmet vermek.<\/p><\/div><\/div>\t\t\t\t<\/div>\n\t\t\t\t<\/div>\n\t\t\t\t<\/div>\n\t\t<div class=\"elementor-element elementor-element-3aa5dc7 e-con-full e-flex e-con e-child\" data-id=\"3aa5dc7\" data-element_type=\"container\" data-e-type=\"container\">\n\t\t\t\t<div class=\"elementor-element elementor-element-d4fba09 elementor-widget elementor-widget-image-box\" data-id=\"d4fba09\" data-element_type=\"widget\" data-e-type=\"widget\" data-widget_type=\"image-box.default\">\n\t\t\t\t<div class=\"elementor-widget-container\">\n\t\t\t\t\t<div class=\"elementor-image-box-wrapper\"><div class=\"elementor-image-box-content\"><h2 class=\"elementor-image-box-title\">Vizyonumuz<\/h2><p class=\"elementor-image-box-description\">Yeni faaliyetler ekleyerek m\u00fc\u015fterilerimizin t\u00fcm ihtiya\u00e7lar\u0131n\u0131 tek noktada kar\u015f\u0131lamalar\u0131na olanak sa\u011flamak i\u00e7in \u00e7al\u0131\u015fmalar\u0131m\u0131z\u0131 s\u00fcrd\u00fcr\u00fcyoruz.<\/p><\/div><\/div>\t\t\t\t<\/div>\n\t\t\t\t<\/div>\n\t\t\t\t<\/div>\n\t\t\t\t\t<\/div>\n\t\t\t\t<\/div>\n\t\t<div class=\"elementor-element elementor-element-f15f0e3 e-flex e-con-boxed e-con e-parent\" data-id=\"f15f0e3\" data-element_type=\"container\" data-e-type=\"container\">\n\t\t\t\t\t<div class=\"e-con-inner\">\n\t\t<div class=\"elementor-element elementor-element-c97e30e e-con-full e-flex e-con e-child\" data-id=\"c97e30e\" data-element_type=\"container\" data-e-type=\"container\">\n\t\t\t\t<div class=\"elementor-element elementor-element-c539647 elementor-widget elementor-widget-image\" data-id=\"c539647\" data-element_type=\"widget\" data-e-type=\"widget\" data-widget_type=\"image.default\">\n\t\t\t\t<div class=\"elementor-widget-container\">\n\t\t\t\t\t\t\t\t\t\t\t\t\t\t\t<img fetchpriority=\"high\" decoding=\"async\" width=\"720\" height=\"960\" src=\"http:\/\/www.tugrabicak.com\/wp-content\/uploads\/2023\/11\/104475243_105156644576765_6819393126131887342_n-1.png\" class=\"attachment-large size-large wp-image-1031\" alt=\"\" srcset=\"http:\/\/www.tugrabicak.com\/wp-content\/uploads\/2023\/11\/104475243_105156644576765_6819393126131887342_n-1.png 720w, http:\/\/www.tugrabicak.com\/wp-content\/uploads\/2023\/11\/104475243_105156644576765_6819393126131887342_n-1-225x300.png 225w\" sizes=\"(max-width: 720px) 100vw, 720px\" \/>\t\t\t\t\t\t\t\t\t\t\t\t\t\t\t<\/div>\n\t\t\t\t<\/div>\n\t\t\t\t<\/div>\n\t\t<div class=\"elementor-element elementor-element-3330781 e-con-full e-flex e-con e-child\" data-id=\"3330781\" data-element_type=\"container\" data-e-type=\"container\">\n\t\t\t\t<div class=\"elementor-element elementor-element-aaa6a8c elementor-widget elementor-widget-image\" data-id=\"aaa6a8c\" data-element_type=\"widget\" data-e-type=\"widget\" data-widget_type=\"image.default\">\n\t\t\t\t<div class=\"elementor-widget-container\">\n\t\t\t\t\t\t\t\t\t\t\t\t\t\t\t<img decoding=\"async\" width=\"768\" height=\"1024\" src=\"http:\/\/www.tugrabicak.com\/wp-content\/uploads\/2023\/11\/WhatsApp-Image-2023-11-15-at-18.34.26.png\" class=\"attachment-large size-large wp-image-1032\" alt=\"\" srcset=\"http:\/\/www.tugrabicak.com\/wp-content\/uploads\/2023\/11\/WhatsApp-Image-2023-11-15-at-18.34.26.png 768w, http:\/\/www.tugrabicak.com\/wp-content\/uploads\/2023\/11\/WhatsApp-Image-2023-11-15-at-18.34.26-225x300.png 225w\" sizes=\"(max-width: 768px) 100vw, 768px\" \/>\t\t\t\t\t\t\t\t\t\t\t\t\t\t\t<\/div>\n\t\t\t\t<\/div>\n\t\t\t\t<\/div>\n\t\t\t\t\t<\/div>\n\t\t\t\t<\/div>\n\t\t\t\t<\/div>\n\t\t","protected":false},"excerpt":{"rendered":"<p>Hakk\u0131m\u0131zda Kurulu\u015f 2019 Tu\u011fra Pres B\u0131\u00e7aklar\u0131 ve Bask\u0131 olarak hizmetimize 2019 y\u0131l\u0131nda ba\u015flam\u0131\u015f olsakta 20 y\u0131ll\u0131k tecr\u00fcbe ile m\u00fc\u015fterilerimize hizmet vermekteyiz. Pres B\u0131\u00e7ak imalat\u0131 ile ba\u015flayan faaliyetimize; S\u0131cak Bask\u0131, Cnc kli\u015fe ve Bask\u0131 Kal\u0131b\u0131 imalat\u0131, Fiber ve Bilgisayarl\u0131 Tak\u0131mlama, Jurdan Fiber Tak\u0131mlama ve Lazer kesim hizmetlerimizle devam etmekteyiz. Yeni faaliyetler ekleyerek m\u00fc\u015fterilerimizin t\u00fcm ihtiya\u00e7lar\u0131n\u0131 tek [&hellip;]<\/p>\n","protected":false},"author":1,"featured_media":0,"parent":0,"menu_order":0,"comment_status":"closed","ping_status":"closed","template":"","meta":{"site-sidebar-layout":"no-sidebar","site-content-layout":"page-builder","ast-site-content-layout":"default","site-content-style":"default","site-sidebar-style":"default","ast-global-header-display":"","ast-banner-title-visibility":"","ast-main-header-display":"","ast-hfb-above-header-display":"","ast-hfb-below-header-display":"","ast-hfb-mobile-header-display":"","site-post-title":"disabled","ast-breadcrumbs-content":"","ast-featured-img":"","footer-sml-layout":"","ast-disable-related-posts":"","theme-transparent-header-meta":"enabled","adv-header-id-meta":"","stick-header-meta":"","header-above-stick-meta":"","header-main-stick-meta":"","header-below-stick-meta":"","astra-migrate-meta-layouts":"default","ast-page-background-enabled":"default","ast-page-background-meta":{"desktop":{"background-color":"","background-image":"","background-repeat":"repeat","background-position":"center center","background-size":"auto","background-attachment":"scroll","background-type":"","background-media":"","overlay-type":"","overlay-color":"","overlay-opacity":"","overlay-gradient":""},"tablet":{"background-color":"","background-image":"","background-repeat":"repeat","background-position":"center center","background-size":"auto","background-attachment":"scroll","background-type":"","background-media":"","overlay-type":"","overlay-color":"","overlay-opacity":"","overlay-gradient":""},"mobile":{"background-color":"","background-image":"","background-repeat":"repeat","background-position":"center center","background-size":"auto","background-attachment":"scroll","background-type":"","background-media":"","overlay-type":"","overlay-color":"","overlay-opacity":"","overlay-gradient":""}},"ast-content-background-meta":{"desktop":{"background-color":"var(--ast-global-color-5)","background-image":"","background-repeat":"repeat","background-position":"center center","background-size":"auto","background-attachment":"scroll","background-type":"","background-media":"","overlay-type":"","overlay-color":"","overlay-opacity":"","overlay-gradient":""},"tablet":{"background-color":"var(--ast-global-color-5)","background-image":"","background-repeat":"repeat","background-position":"center center","background-size":"auto","background-attachment":"scroll","background-type":"","background-media":"","overlay-type":"","overlay-color":"","overlay-opacity":"","overlay-gradient":""},"mobile":{"background-color":"var(--ast-global-color-5)","background-image":"","background-repeat":"repeat","background-position":"center center","background-size":"auto","background-attachment":"scroll","background-type":"","background-media":"","overlay-type":"","overlay-color":"","overlay-opacity":"","overlay-gradient":""}},"footnotes":""},"class_list":["post-31","page","type-page","status-publish","hentry"],"yoast_head":"<!-- This site is optimized with the Yoast SEO plugin v25.6 - https:\/\/yoast.com\/wordpress\/plugins\/seo\/ -->\n<title>About - Tu\u011fra Pres B\u0131&ccedil;aklar\u0131<\/title>\n<meta name=\"robots\" content=\"index, follow, max-snippet:-1, max-image-preview:large, max-video-preview:-1\" \/>\n<link rel=\"canonical\" href=\"http:\/\/www.tugrabicak.com\/index.php\/about\/\" \/>\n<meta property=\"og:locale\" content=\"tr_TR\" \/>\n<meta property=\"og:type\" content=\"article\" \/>\n<meta property=\"og:title\" content=\"About - Tu\u011fra Pres B\u0131&ccedil;aklar\u0131\" \/>\n<meta property=\"og:description\" content=\"Hakk\u0131m\u0131zda Kurulu\u015f 2019 Tu\u011fra Pres B\u0131\u00e7aklar\u0131 ve Bask\u0131 olarak hizmetimize 2019 y\u0131l\u0131nda ba\u015flam\u0131\u015f olsakta 20 y\u0131ll\u0131k tecr\u00fcbe ile m\u00fc\u015fterilerimize hizmet vermekteyiz. Pres B\u0131\u00e7ak imalat\u0131 ile ba\u015flayan faaliyetimize; S\u0131cak Bask\u0131, Cnc kli\u015fe ve Bask\u0131 Kal\u0131b\u0131 imalat\u0131, Fiber ve Bilgisayarl\u0131 Tak\u0131mlama, Jurdan Fiber Tak\u0131mlama ve Lazer kesim hizmetlerimizle devam etmekteyiz. Yeni faaliyetler ekleyerek m\u00fc\u015fterilerimizin t\u00fcm ihtiya\u00e7lar\u0131n\u0131 tek [&hellip;]\" \/>\n<meta property=\"og:url\" content=\"http:\/\/www.tugrabicak.com\/index.php\/about\/\" \/>\n<meta property=\"og:site_name\" content=\"Tu\u011fra Pres B\u0131&ccedil;aklar\u0131\" \/>\n<meta property=\"article:publisher\" content=\"https:\/\/www.facebook.com\/tugrapresbicaklari\/\" \/>\n<meta property=\"article:modified_time\" content=\"2023-11-15T15:38:17+00:00\" \/>\n<meta property=\"og:image\" content=\"http:\/\/www.tugrabicak.com\/wp-content\/uploads\/2023\/11\/104475243_105156644576765_6819393126131887342_n-1.png\" \/>\n<meta name=\"twitter:card\" content=\"summary_large_image\" \/>\n<meta name=\"twitter:site\" content=\"@tugrabicak\" \/>\n<meta name=\"twitter:label1\" content=\"Tahmini okuma s\u00fcresi\" \/>\n\t<meta name=\"twitter:data1\" content=\"1 dakika\" \/>\n<script type=\"application\/ld+json\" class=\"yoast-schema-graph\">{\"@context\":\"https:\/\/schema.org\",\"@graph\":[{\"@type\":\"WebPage\",\"@id\":\"http:\/\/www.tugrabicak.com\/index.php\/about\/\",\"url\":\"http:\/\/www.tugrabicak.com\/index.php\/about\/\",\"name\":\"About - Tu\u011fra Pres B\u0131&ccedil;aklar\u0131\",\"isPartOf\":{\"@id\":\"http:\/\/www.tugrabicak.com\/#website\"},\"primaryImageOfPage\":{\"@id\":\"http:\/\/www.tugrabicak.com\/index.php\/about\/#primaryimage\"},\"image\":{\"@id\":\"http:\/\/www.tugrabicak.com\/index.php\/about\/#primaryimage\"},\"thumbnailUrl\":\"http:\/\/www.tugrabicak.com\/wp-content\/uploads\/2023\/11\/104475243_105156644576765_6819393126131887342_n-1.png\",\"datePublished\":\"2020-04-13T11:18:52+00:00\",\"dateModified\":\"2023-11-15T15:38:17+00:00\",\"breadcrumb\":{\"@id\":\"http:\/\/www.tugrabicak.com\/index.php\/about\/#breadcrumb\"},\"inLanguage\":\"tr\",\"potentialAction\":[{\"@type\":\"ReadAction\",\"target\":[\"http:\/\/www.tugrabicak.com\/index.php\/about\/\"]}]},{\"@type\":\"ImageObject\",\"inLanguage\":\"tr\",\"@id\":\"http:\/\/www.tugrabicak.com\/index.php\/about\/#primaryimage\",\"url\":\"http:\/\/www.tugrabicak.com\/wp-content\/uploads\/2023\/11\/104475243_105156644576765_6819393126131887342_n-1.png\",\"contentUrl\":\"http:\/\/www.tugrabicak.com\/wp-content\/uploads\/2023\/11\/104475243_105156644576765_6819393126131887342_n-1.png\",\"width\":720,\"height\":960},{\"@type\":\"BreadcrumbList\",\"@id\":\"http:\/\/www.tugrabicak.com\/index.php\/about\/#breadcrumb\",\"itemListElement\":[{\"@type\":\"ListItem\",\"position\":1,\"name\":\"Anasayfa\",\"item\":\"http:\/\/www.tugrabicak.com\/\"},{\"@type\":\"ListItem\",\"position\":2,\"name\":\"About\"}]},{\"@type\":\"WebSite\",\"@id\":\"http:\/\/www.tugrabicak.com\/#website\",\"url\":\"http:\/\/www.tugrabicak.com\/\",\"name\":\"Tu\u011fra Pres B\u0131\u00e7aklar\u0131\",\"description\":\"Tu\u011fra Pres B\u0131&ccedil;aklar\u0131\",\"publisher\":{\"@id\":\"http:\/\/www.tugrabicak.com\/#organization\"},\"potentialAction\":[{\"@type\":\"SearchAction\",\"target\":{\"@type\":\"EntryPoint\",\"urlTemplate\":\"http:\/\/www.tugrabicak.com\/?s={search_term_string}\"},\"query-input\":{\"@type\":\"PropertyValueSpecification\",\"valueRequired\":true,\"valueName\":\"search_term_string\"}}],\"inLanguage\":\"tr\"},{\"@type\":\"Organization\",\"@id\":\"http:\/\/www.tugrabicak.com\/#organization\",\"name\":\"Tu\u011fra Pres B\u0131\u00e7aklar\u0131\",\"url\":\"http:\/\/www.tugrabicak.com\/\",\"logo\":{\"@type\":\"ImageObject\",\"inLanguage\":\"tr\",\"@id\":\"http:\/\/www.tugrabicak.com\/#\/schema\/logo\/image\/\",\"url\":\"http:\/\/www.tugrabicak.com\/wp-content\/uploads\/2023\/11\/cropped-tugra-logo_transparent-1.png\",\"contentUrl\":\"http:\/\/www.tugrabicak.com\/wp-content\/uploads\/2023\/11\/cropped-tugra-logo_transparent-1.png\",\"width\":1179,\"height\":828,\"caption\":\"Tu\u011fra Pres B\u0131\u00e7aklar\u0131\"},\"image\":{\"@id\":\"http:\/\/www.tugrabicak.com\/#\/schema\/logo\/image\/\"},\"sameAs\":[\"https:\/\/www.facebook.com\/tugrapresbicaklari\/\",\"https:\/\/x.com\/tugrabicak\",\"https:\/\/www.instagram.com\/tugrapresbicaklari\/\"]}]}<\/script>\n<!-- \/ Yoast SEO plugin. -->","yoast_head_json":{"title":"About - Tu\u011fra Pres B\u0131&ccedil;aklar\u0131","robots":{"index":"index","follow":"follow","max-snippet":"max-snippet:-1","max-image-preview":"max-image-preview:large","max-video-preview":"max-video-preview:-1"},"canonical":"http:\/\/www.tugrabicak.com\/index.php\/about\/","og_locale":"tr_TR","og_type":"article","og_title":"About - Tu\u011fra Pres B\u0131&ccedil;aklar\u0131","og_description":"Hakk\u0131m\u0131zda Kurulu\u015f 2019 Tu\u011fra Pres B\u0131\u00e7aklar\u0131 ve Bask\u0131 olarak hizmetimize 2019 y\u0131l\u0131nda ba\u015flam\u0131\u015f olsakta 20 y\u0131ll\u0131k tecr\u00fcbe ile m\u00fc\u015fterilerimize hizmet vermekteyiz. Pres B\u0131\u00e7ak imalat\u0131 ile ba\u015flayan faaliyetimize; S\u0131cak Bask\u0131, Cnc kli\u015fe ve Bask\u0131 Kal\u0131b\u0131 imalat\u0131, Fiber ve Bilgisayarl\u0131 Tak\u0131mlama, Jurdan Fiber Tak\u0131mlama ve Lazer kesim hizmetlerimizle devam etmekteyiz. Yeni faaliyetler ekleyerek m\u00fc\u015fterilerimizin t\u00fcm ihtiya\u00e7lar\u0131n\u0131 tek [&hellip;]","og_url":"http:\/\/www.tugrabicak.com\/index.php\/about\/","og_site_name":"Tu\u011fra Pres B\u0131&ccedil;aklar\u0131","article_publisher":"https:\/\/www.facebook.com\/tugrapresbicaklari\/","article_modified_time":"2023-11-15T15:38:17+00:00","og_image":[{"url":"http:\/\/www.tugrabicak.com\/wp-content\/uploads\/2023\/11\/104475243_105156644576765_6819393126131887342_n-1.png","type":"","width":"","height":""}],"twitter_card":"summary_large_image","twitter_site":"@tugrabicak","twitter_misc":{"Tahmini okuma s\u00fcresi":"1 dakika"},"schema":{"@context":"https:\/\/schema.org","@graph":[{"@type":"WebPage","@id":"http:\/\/www.tugrabicak.com\/index.php\/about\/","url":"http:\/\/www.tugrabicak.com\/index.php\/about\/","name":"About - Tu\u011fra Pres B\u0131&ccedil;aklar\u0131","isPartOf":{"@id":"http:\/\/www.tugrabicak.com\/#website"},"primaryImageOfPage":{"@id":"http:\/\/www.tugrabicak.com\/index.php\/about\/#primaryimage"},"image":{"@id":"http:\/\/www.tugrabicak.com\/index.php\/about\/#primaryimage"},"thumbnailUrl":"http:\/\/www.tugrabicak.com\/wp-content\/uploads\/2023\/11\/104475243_105156644576765_6819393126131887342_n-1.png","datePublished":"2020-04-13T11:18:52+00:00","dateModified":"2023-11-15T15:38:17+00:00","breadcrumb":{"@id":"http:\/\/www.tugrabicak.com\/index.php\/about\/#breadcrumb"},"inLanguage":"tr","potentialAction":[{"@type":"ReadAction","target":["http:\/\/www.tugrabicak.com\/index.php\/about\/"]}]},{"@type":"ImageObject","inLanguage":"tr","@id":"http:\/\/www.tugrabicak.com\/index.php\/about\/#primaryimage","url":"http:\/\/www.tugrabicak.com\/wp-content\/uploads\/2023\/11\/104475243_105156644576765_6819393126131887342_n-1.png","contentUrl":"http:\/\/www.tugrabicak.com\/wp-content\/uploads\/2023\/11\/104475243_105156644576765_6819393126131887342_n-1.png","width":720,"height":960},{"@type":"BreadcrumbList","@id":"http:\/\/www.tugrabicak.com\/index.php\/about\/#breadcrumb","itemListElement":[{"@type":"ListItem","position":1,"name":"Anasayfa","item":"http:\/\/www.tugrabicak.com\/"},{"@type":"ListItem","position":2,"name":"About"}]},{"@type":"WebSite","@id":"http:\/\/www.tugrabicak.com\/#website","url":"http:\/\/www.tugrabicak.com\/","name":"Tu\u011fra Pres B\u0131\u00e7aklar\u0131","description":"Tu\u011fra Pres B\u0131&ccedil;aklar\u0131","publisher":{"@id":"http:\/\/www.tugrabicak.com\/#organization"},"potentialAction":[{"@type":"SearchAction","target":{"@type":"EntryPoint","urlTemplate":"http:\/\/www.tugrabicak.com\/?s={search_term_string}"},"query-input":{"@type":"PropertyValueSpecification","valueRequired":true,"valueName":"search_term_string"}}],"inLanguage":"tr"},{"@type":"Organization","@id":"http:\/\/www.tugrabicak.com\/#organization","name":"Tu\u011fra Pres B\u0131\u00e7aklar\u0131","url":"http:\/\/www.tugrabicak.com\/","logo":{"@type":"ImageObject","inLanguage":"tr","@id":"http:\/\/www.tugrabicak.com\/#\/schema\/logo\/image\/","url":"http:\/\/www.tugrabicak.com\/wp-content\/uploads\/2023\/11\/cropped-tugra-logo_transparent-1.png","contentUrl":"http:\/\/www.tugrabicak.com\/wp-content\/uploads\/2023\/11\/cropped-tugra-logo_transparent-1.png","width":1179,"height":828,"caption":"Tu\u011fra Pres B\u0131\u00e7aklar\u0131"},"image":{"@id":"http:\/\/www.tugrabicak.com\/#\/schema\/logo\/image\/"},"sameAs":["https:\/\/www.facebook.com\/tugrapresbicaklari\/","https:\/\/x.com\/tugrabicak","https:\/\/www.instagram.com\/tugrapresbicaklari\/"]}]}},"_links":{"self":[{"href":"http:\/\/www.tugrabicak.com\/index.php\/wp-json\/wp\/v2\/pages\/31"}],"collection":[{"href":"http:\/\/www.tugrabicak.com\/index.php\/wp-json\/wp\/v2\/pages"}],"about":[{"href":"http:\/\/www.tugrabicak.com\/index.php\/wp-json\/wp\/v2\/types\/page"}],"author":[{"embeddable":true,"href":"http:\/\/www.tugrabicak.com\/index.php\/wp-json\/wp\/v2\/users\/1"}],"replies":[{"embeddable":true,"href":"http:\/\/www.tugrabicak.com\/index.php\/wp-json\/wp\/v2\/comments?post=31"}],"version-history":[{"count":16,"href":"http:\/\/www.tugrabicak.com\/index.php\/wp-json\/wp\/v2\/pages\/31\/revisions"}],"predecessor-version":[{"id":1041,"href":"http:\/\/www.tugrabicak.com\/index.php\/wp-json\/wp\/v2\/pages\/31\/revisions\/1041"}],"wp:attachment":[{"href":"http:\/\/www.tugrabicak.com\/index.php\/wp-json\/wp\/v2\/media?parent=31"}],"curies":[{"name":"wp","href":"https:\/\/api.w.org\/{rel}","templated":true}]}}